is the remainder when 42839 is divided by 140?
139
Calculate the remainder when 64803 is divided by 720.
3
What is the remainder when 3040974 is divided by 16?
14
Calculate the remainder when 1908 is divided by 458.
76
Calculate the remainder when 230709 is divided by 46140.
9
Calculate the remainder when 5362 is divided by 3515.
1847
What is the remainder when 386 is divided by 210?
176
What is the remainder when 25990 is divided by 12975?
40
Calculate the remainder when 5434 is divided by 2704.
26
Calculate the remainder when 1217 is divided by 178.
149
What is the remainder when 4481 is divided by 3975?
506
What is the remainder when 1784 is divided by 1622?
162
What is the remainder when 165 is divided by 162?
3
Calculate the remainder when 7332 is divided by 71.
19
Calculate the remainder when 3077 is divided by 180.
17
What is the remainder when 245529 is divided by 86?
85
What is the remainder when 340169 is divided by 113386?
11
Calculate the remainder when 1937 is divided by 499.
440
What is the remainder when 9208 is divided by 1315?
3
What is the remainder when 304120 is divided by 546?
544
Calculate the remainder when 4060 is divided by 2019.
22
What is the remainder when 6793 is divided by 57?
10
What is the remainder when 12763 is divided by 345?
343
What is the remainder when 532405 is divided by 76056?
13
Calculate the remainder when 27884 is divided by 1788.
1064
What is the remainder when 123256 is divided by 144?
136
What is the remainder when 2346001 is divided by 9?
7
What is the remainder when 2900 is divided by 2874?
26
Calculate the remainder when 1259266 is divided by 25.
16
What is the remainder when 275212 is divided by 2167?
3
What is the remainder when 939 is divided by 111?
51
Calculate the remainder when 288377 is divided by 57675.
2
Calculate the remainder when 706128 is divided by 886.
872
What is the remainder when 96166 is divided by 274?
266
Calculate the remainder when 82932 is divided by 384.
372
Calculate the remainder when 19358 is divided by 2148.
26
What is the remainder when 155320 is divided by 1094?
1066
What is the remainder when 152287 is divided by 15?
7
Calculate the remainder when 2839 is divided by 81.
4
What is the remainder when 23790 is divided by 171?
21
Calculate the remainder when 2420 is divided by 202.
198
What is the remainder when 488248 is divided by 465?
463
Calculate the remainder when 391549 is divided by 1472.
1469
Calculate the remainder when 233226 is divided by 87.
66
Calculate the remainder when 993 is divided by 133.
62
What is the remainder when 3063 is divided by 211?
109
What is the remainder when 14060 is divided by 227?
213
What is the remainder when 37123 is divided by 538?
1
Calculate the remainder when 297076 is divided by 402.
400
Calculate the remainder when 12073 is divided by 634.
27
Calculate the remainder when 568468 is divided by 210.
208
Calculate the remainder when 116087 is divided by 25.
12
Calculate the remainder when 15957 is divided by 35.
32
What is the remainder when 15601 is divided by 650?
1
What is the remainder when 66803 is divided by 95?
18
Calculate the remainder when 467401 is divided by 24600.
1
What is the remainder when 2456 is divided by 407?
14
Calculate the remainder when 51969 is divided by 51969.
0
What is the remainder when 9253 is divided by 3038?
139
Calculate the remainder when 74500 is divided by 328.
44
What is the remainder when 65786 is divided by 134?
126
What is the remainder when 3459 is divided by 1187?
1085
Calculate the remainder when 637834 is divided by 267.
238
What is the remainder when 752422 is divided by 214?
212
What is the remainder when 6955139 is divided by 570?
569
Calculate the remainder when 19375 is divided by 108.
43
What is the remainder when 1009884 is divided by 209?
205
Calculate the remainder when 41142 is divided by 1949.
213
Calculate the remainder when 6916 is divided by 358.
114
Calculate the remainder when 12419 is divided by 119.
43
What is the remainder when 66251 is divided by 422?
419
What is the remainder when 182173 is divided by 182114?
59
Calculate the remainder when 4675 is divided by 275.
0
Calculate the remainder when 604661 is divided by 79.
74
Calculate the remainder when 528 is divided by 62.
32
What is the remainder when 228257 is divided by 452?
449
Calculate the remainder when 223248 is divided by 235.
233
What is the remainder when 96941 is divided by 350?
341
Calculate the remainder when 11113 is divided by 69.
4
What is the remainder when 1861 is divided by 1859?
2
Calculate the remainder when 30694 is divided by 6.
4
Calculate the remainder when 131834 is divided by 438.
434
What is the remainder when 1055 is divided by 332?
59
What is the remainder when 25256 is divided by 5045?
31
What is the remainder when 311421 is divided by 14828?
33
Calculate the remainder when 20175 is divided by 59.
56
Calculate the remainder when 16735 is divided by 16.
15
What is the remainder when 8986 is divided by 46?
16
Calculate the remainder when 25402 is divided by 7907.
1681
Calculate the remainder when 14658 is divided by 94.
88
What is the remainder when 6255 is divided by 176?
95
Calculate the remainder when 146509 is divided by 10.
9
What is the remainder when 2796 is divided by 1357?
82
What is the remainder when 5960 is divided by 496?
8
Calculate the remainder when 1421618 is divided by 203088.
2
Calculate the remainder when 15500 is divided by 967.
28
Calculate the remainder when 72157 is divided by 18027.
49
Calculate the remainder when 45670 is divided by 519.
517
What is the remainder when 2812 is divided by 554?
42
Calculate the remainder when 27523 is divided by 128.
3
What is the remainder when 691758 is divided by 5?
3
Calculate the remainder when 37045 is divided by 119.
36
What is the remainder when 39746 is divided by 39732?
14
Calculate the remainder when 18997 is divided by 59.
58
What is the remainder when 3789 is divided by 1839?
111
What is the remainder when 18057 is divided by 440?
17
Calculate the remainder when 674955 is divided by 1298.
1293
Calculate the remainder when 22737 is divided by 2837.
41
Calculate the remainder when 20115 is divided by 122.
107
Calculate the remainder when 157060 is divided by 2.
0
What is the remainder when 21780 is divided by 1037?
3
What is the remainder when 10034301 is divided by 1344?
1341
Calculate the remainder when 32882 is divided by 43.
30
Calculate the remainder when 5107 is divided by 497.
137
What is the remainder when 1409 is divided by 457?
38
Calculate the remainder when 69602 is divided by 3314.
8
Calculate the remainder when 18644 is divided by 9295.
54
Calculate the remainder when 211231 is divided by 4062.
7
What is the remainder when 10570 is divided by 40?
10
Calculate the remainder when 120709 is divided by 177.
172
Calculate the remainder when 63594 is divided by 49.
41
Calculate the remainder when 44097 is divided by 2004.
9
What is the remainder when 73970 is divided by 108?
98
What is the remainder when 7557 is divided by 472?
5
Calculate the remainder when 52091 is divided by 49.
4
Calculate the remainder when 336794 is divided by 42099.
2
What is the remainder when 5798 is divided by 306?
290
What is the remainder when 128630 is divided by 1980?
1910
What is the remainder when 1239 is divided by 144?
87
Calculate the remainder when 3400 is divided by 816.
136
What is the remainder when 8437 is divided by 4148?
141
What is the remainder when 78060 is divided by 119?
115
What is the remainder when 1065 is divided by 312?
129
Calculate the remainder when 122101 is divided by 1651.
1578
Calculate the remainder when 9115 is divided by 1272.
211
Calculate the remainder when 56079 is divided by 41.
32
Calculate the remainder when 3077 is divided by 1525.
27
What is the remainder when 21455 is divided by 11?
5
Calculate the remainder when 80936 is divided by 22.
20
Calculate the remainder when 1564 is divided by 752.
60
Calculate the remainder when 30687 is divided by 2360.
7
Calculate the remainder when 2338 is divided by 1159.
20
Calculate the remainder when 43978 is divided by 898.
874
Calculate the remainder when 1410 is divided by 464.
18
What is the remainder when 4455 is divided by 450?
405
What is th